{"id":3,"date":"2023-05-05T12:33:20","date_gmt":"2023-05-05T10:33:20","guid":{"rendered":"https:\/\/sunkawakan.ch\/wordpress\/?page_id=3"},"modified":"2023-08-20T14:53:52","modified_gmt":"2023-08-20T12:53:52","slug":"datenschutzerklaerung","status":"publish","type":"page","link":"https:\/\/sunkawakan.ch\/?page_id=3","title":{"rendered":"Datenschutzerkl\u00e4rung"},"content":{"rendered":"\n<h2 class=\"wp-block-heading\">Wer wir sind<\/h2>\n\n\n\n<p>Die Adresse unserer Website ist: <a href=\"https:\/\/sunkawakan.ch\">https:\/\/sunkawakan.ch<\/a><\/p>\n\n\n\n<p>Bei Fragen betreffend unsere Datenschutzerkl\u00e4rung oder deiner Rechte wende dich bitte an uns unter <a href=\"mailto:admin@sunkawakan.ch\">admin@sunkawakan.ch<\/a> oder schreibe an:<\/p>\n\n\n\n<p>Sunkawakan<br>Simone Walde<br>Im Kehr 3<br>5064 Wittnau<\/p>\n\n\n\n<h2 class=\"wp-block-heading\">Eingebettete Inhalte von anderen Websites<\/h2>\n\n\n\n<p>Beitr\u00e4ge auf dieser Website k\u00f6nnen eingebettete Inhalte beinhalten (z.&nbsp;B. Videos, Bilder, Beitr\u00e4ge etc.). Eingebettete Inhalte von anderen Websites verhalten sich exakt so, als ob der Besucher die andere Website besucht h\u00e4tte.<\/p>\n\n\n\n<p>Diese Websites k\u00f6nnen Daten \u00fcber dich sammeln, Cookies benutzen, zus\u00e4tzliche Tracking-Dienste von Dritten einbetten und deine Interaktion mit diesem eingebetteten Inhalt aufzeichnen, inklusive deiner Interaktion mit dem eingebetteten Inhalt, falls du ein Konto hast und auf dieser Website angemeldet bist.<\/p>\n\n\n\n<h2 class=\"wp-block-heading\">Wohin deine Daten gesendet werden<\/h2>\n\n\n\n<p>Beim Ben\u00fctzen des Kontaktformulars k\u00f6nnte deine Mitteilung von einem automatisierten Dienst zur Spam-Erkennung untersucht werden.<\/p>\n\n\n\n<h2 class=\"wp-block-heading\">Server Log-Files<\/h2>\n\n\n\n<p>F\u00fcr die statistische Auswertung von Webseiten-Zugriffen, sowie zur effizienten Fehlerbehebung wird jeder Aufruf unserer Webseite in einem Server Log (Protokoll) unseres Webhosting-Dienstleisters, der hosttech GmbH, aufgezeichnet. Die Log-Eintr\u00e4ge enthalten die Zielseite, die IP-Adresse, sowie den&nbsp;Referrer (Herkunft der Anfrage)&nbsp;und Informationen zum eingesetzten Browser. Diese Informationen k\u00f6nnen&nbsp;m\u00f6glicherweise zur Identifizierung Ihrer Person verwendet werden. Die hosttech GmbH&nbsp;behandelt diese Daten vertraulich und teilt diese nicht mit Dritten. Die Datenerhebung erfolgt in erster Linie zur Verbesserung der Nutzererfahrung, der Sicherheit und der Leistung der Webseite.<\/p>\n","protected":false},"excerpt":{"rendered":"<p>Wer wir sind Die Adresse unserer Website ist: https:\/\/sunkawakan.ch Bei Fragen betreffend unsere Datenschutzerkl\u00e4rung oder deiner Rechte wende dich bitte an uns unter admin@sunkawakan.ch oder schreibe an: SunkawakanSimone WaldeIm Kehr 35064 Wittnau Eingebettete Inhalte von anderen Websites Beitr\u00e4ge auf dieser Website k\u00f6nnen eingebettete Inhalte beinhalten (z.&nbsp;B. Videos, Bilder, Beitr\u00e4ge etc.). Eingebettete Inhalte von anderen Websites &hellip; <\/p>\n<p class=\"link-more\"><a href=\"https:\/\/sunkawakan.ch\/?page_id=3\" class=\"more-link\"><span class=\"screen-reader-text\">&#171;Datenschutzerkl\u00e4rung&#187;<\/span> weiterlesen<\/a><\/p>\n","protected":false},"author":1,"featured_media":0,"parent":0,"menu_order":0,"comment_status":"closed","ping_status":"open","template":"","meta":{"footnotes":""},"class_list":["post-3","page","type-page","status-publish","hentry"],"_links":{"self":[{"href":"https:\/\/sunkawakan.ch\/index.php?rest_route=\/wp\/v2\/pages\/3","targetHints":{"allow":["GET"]}}],"collection":[{"href":"https:\/\/sunkawakan.ch\/index.php?rest_route=\/wp\/v2\/pages"}],"about":[{"href":"https:\/\/sunkawakan.ch\/index.php?rest_route=\/wp\/v2\/types\/page"}],"author":[{"embeddable":true,"href":"https:\/\/sunkawakan.ch\/index.php?rest_route=\/wp\/v2\/users\/1"}],"replies":[{"embeddable":true,"href":"https:\/\/sunkawakan.ch\/index.php?rest_route=%2Fwp%2Fv2%2Fcomments&post=3"}],"version-history":[{"count":5,"href":"https:\/\/sunkawakan.ch\/index.php?rest_route=\/wp\/v2\/pages\/3\/revisions"}],"predecessor-version":[{"id":474,"href":"https:\/\/sunkawakan.ch\/index.php?rest_route=\/wp\/v2\/pages\/3\/revisions\/474"}],"wp:attachment":[{"href":"https:\/\/sunkawakan.ch\/index.php?rest_route=%2Fwp%2Fv2%2Fmedia&parent=3"}],"curies":[{"name":"wp","href":"https:\/\/api.w.org\/{rel}","templated":true}]}}